 prime factors of h?
2
Suppose 4*m - 3*k - 17 = 0, 6*m + 2*k - 27 = m. Let h(x) = x**2 + 5*x - 12. Let w be h(-7). Suppose -w*a - 54 = -m*a. List the prime factors of a.
2, 3
Suppose -388*n - 244 = -389*n. What are the prime factors of n?
2, 61
Suppose 626 = y + l, -y = y - 4*l - 1246. List the prime factors of y.
5
Let k = 1663 - 654. What are the prime factors of k?
1009
Let o be 8/16*(0 + 8). Let j = -16 + o. List the prime factors of (-555)/(-12) - j/16.
47
Suppose 4*j = -j - 90. Suppose -3*n + 5 = -1. Let b = n - j. List the prime factors of b.
2, 5
Suppose 2*a + 696 = p - 3*a, 4*a = -16. List the prime factors of p.
2, 13
Let p = 9 - -6. Suppose -z + 3*y = p, 2*z - 2*y = 2*y - 26. List the prime factors of (6/z)/(6/(-27)).
3
Suppose -5*w = 2*v - 1677, 7*v - 3327 = 3*v - w. What are the prime factors of v?
3, 277
Let d(x) = x**2 - 4*x - 18. Let r = 25 - 34. What are the prime factors of d(r)?
3, 11
Let j(s) = 30*s - 44. Let w = 63 - 55. What are the prime factors of j(w)?
2, 7
Suppose -4*m + 0*m = 5*l + 1823, -5*m = l + 352. Let i = 525 + l. List the prime factors of i.
2, 79
Let m(f) = f**2 - 2. Let n(h) = -2*h - 1. Let g be n(-2). Suppose -9 - 3 = g*x. What are the prime factors of m(x)?
2, 7
Suppose -218 = -3*j + 4. Suppose -2*z + 3*g + 48 = 0, -g = -3*z + 3*g + j. What are the prime factors of z + (6 - 3) - 2?
31
Suppose -d = -6*d - 5, d + 37 = 2*x. Let r be x/9 + (1 - 1). List the prime factors of 14/r - (1 + 0).
2, 3
Suppose 4*b + 20*v - 18*v - 2754 = 0, v + 1379 = 2*b. List the prime factors of b.
13, 53
Let n(m) = 2*m + 10. Let x be n(-5). Suppose x = -t - t + 4. What are the prime factors of 9 + (-1)/(-1 + t)?
2
Suppose -1 = -d + 3. Suppose -d*r = -3*r - 84. What are the prime factors of r?
2, 3, 7
Let l = -308 + 449. Suppose -4*c = -y + 2*y - l, 2*c - 564 = -4*y. List the prime factors of y.
3, 47
Let l be (-15 - -17) + -3 + 1. Suppose l*p + 27 = 3*p. List the prime factors of p.
3
Let w be (-12)/(-42) + (-38)/(-14). Let x(z) = -19 + w*z + z + 2*z**2 + 20. List the prime factors of x(-4).
17
Let b(l) = l**2 + 3*l + 2. Suppose 2*c - 22 = -5*g, 0 = 4*g - 2*g. Suppose 35 = -c*t + 6*t. List the prime factors of b(t).
2, 3, 5
Let x(n) = -n**2 - n - 1. Let f(h) = -h**3 + 29*h**2 - 20*h - 18. Let u(g) = f(g) + 2*x(g). What are the prime factors of u(26)?
2, 3, 7
Let w(h) be the second derivative of -h**5/20 + h**4 + h**3/3 + 3*h. Suppose -8*x + 95 = -1. What are the prime factors of w(x)?
2, 3
Let m = -8052 - -12168. List the prime factors of m.
2, 3, 7
Let v = -9 + 32. Let c = -5 + v. Let b = c - 9. List the prime factors of b.
3
Suppose -3*f + i + 184 = 0, 5*f - 91 = i + 213. What are the prime factors of (-3*(-35)/f)/(2/72)?
3, 7
Let g = 14 + -10. Suppose -g*c + 387 + 25 = 0. What are the prime factors of c?
103
Let c(x) = x**3 - 11*x**2 - 2*x - 14. Let n be c(11). Let a be (n/(-16))/(4/80). Let t = a - 8. List the prime factors of t.
37
Suppose 279 = 2*b - 3*q - 185, 225 = b + 2*q. Suppose b + 83 = 12*k. What are the prime factors of k?
2, 13
List the prime factors of ((-1576)/(-5))/((-10)/(-50)).
2, 197
Suppose 0*p + 72 = 4*p. Suppose -2*f + 26 = p. Suppose 0 = f*q - 10*q + 360. What are the prime factors of q?
2, 3, 5
Suppose -7*u - 3 = -24. Suppose 3*o = s - 44, -u*o + 8 = 2. List the prime factors of s.
2, 5
Let s = -26 - -30. Suppose -2*n + n - s*y = -503, 3*n - 5*y - 1526 = 0. Suppose 32 + n = 7*d. List the prime factors of d.
7, 11
Let l = 2323 - 1159. List the prime factors of l.
2, 3, 97
Suppose 0 = 9*o - 26 - 37. Suppose -o*h + 274 + 335 = 0. What are the prime factors of h?
3, 29
Let r be 24/(-132) - 57/(-11). Let b(z) = z. Let h(d) = -6*d - 6. Let n(p) = 15*b(p) + h(p). List the prime factors of n(r).
3, 13
Let f = -98 + -1. What are the prime factors of (1/3)/((-3)/f)?
11
Suppose 0 = 16*f - 18*f + 22. Suppose f*u - 1300 = 7*u. List the prime factors of u.
5, 13
Let l be (-6)/(-15) - 122/5. Let q be 80/l*(-6)/(-4). List the prime factors of (4/q)/(8/(-260)).
2, 13
Let o(a) = 4*a**2 + 2*a. Let y be o(5). Suppose 6*i + y = 11*i. What are the prime factors of i?
2, 11
List the prime factors of (7 + -11)*(-4548)/16.
3, 379
Let q = -39 + -24. Let n(c) = -31*c. Let s be n(1). Let b = s - q. What are the prime factors of b?
2
Let l(x) = x - 3. Let y be l(6). Suppose -2*m - y*m = -85. List the prime factors of m.
17
Suppose 0 = -3*n - 5*v + 2586, v + v = -4*n + 3462. List the prime factors of n.
3, 17
Let s(m) = -3*m**2 + 3*m + 1. Let y be s(3). Let v = 19 + y. Suppose v*r = 39 + 29. What are the prime factors of r?
2, 17
Let r be ((-110)/3)/(18/(-27)). Let v = -25 + r. List the prime factors of v.
2, 3, 5
Suppose -c + 25 = 4*k, -2*c - 5*k + 20 = -3*c. Suppose -2*m + c*y = -391, 2*m - 3*m - y = -199. What are the prime factors of m?
2, 3, 11
Suppose -5*o - 11808 = -54258. What are the prime factors of o/40 + 6/8?
3, 71
Suppose 0 = b - 1 + 3. Let g be ((-75)/10)/(b/4). List the prime factors of (-44)/(-5) + 3/g.
3
Let h be 22/5 - (-6)/10. Let w(m) = -3*m**3 - 3*m**2 + 7*m - 4. Let k be w(-5). Suppose -z - 2*z - i = -155, -3*i = h*z - k. What are the prime factors of z?
3, 17
Suppose 2*s = -2*s - 484. Let t = 203 + s. List the prime factors of t.
2, 41
Let y = 2248 + -1575. List the prime factors of y.
673
Let u(d) be the second derivative of 9*d**5/40 - 5*d**4/12 + d**3 - 7*d. Let f(k) be the second derivative of u(k). List the prime factors of f(3).
71
Let t(v) be the first derivative of v**5/60 - v**4/12 + v**3/3 - 7*v**2/2 + 3. Let p(m) be the second derivative of t(m). List the prime factors of p(3).
5
Let s(g) = 6*g**2 - 33*g - 25. What are the prime factors of s(21)?
2, 241
Let j(m) = -5*m**3 + 2*m**2 - 8. What are the prime factors of j(-4)?
2, 43
Suppose 8 = 5*v - v. Let w = -2 - -3. Let c = w + v. What are the prime factors of c?
3
Suppose 0 = -p + 4 + 12. Let i = p + -13. Suppose -92 = -i*l - 4*o, 0 = -5*l + 2*o - 21 + 209. What are the prime factors of l?
2, 3
Let f = 25 + -27. Let c be 3 - (2 - (-4)/f). Suppose h + h - 2*t - 64 = 0, c*h - 4*t - 92 = 0. What are the prime factors of h?
2, 3
Suppose y + 2 = -4*r, -2*y + 4 = 2*r - 16. Let d = y - 10. Suppose -17 = -d*f + 51. List the prime factors of f.
17
Let b = 41 - 19. List the prime factors of (26/b - (-2)/(-11))*53.
53
Suppose -24*j + 5*j + 14440 = 0. What are the prime factors of j?
2, 5, 19
Let y = -5 + 1. Let n = y + 7. Suppose -38 = 2*a - 4*a + 4*t, -n*a + t + 32 = 0. What are the prime factors of a?
3
Let h be (-3 + 7)*(2 - 1). Suppose -h*a + 3*a - 4 = 0. Let s = 20 + a. List the prime factors of s.
2
What are the prime factors of ((-122)/(-3))/(22/297)?
3, 61
Suppose -5*g - 3434 = 8*y - 12*y, 2*y + 4*g = 1704. What are the prime factors of y?
2, 107
Let t(h) = -2*h + 5. Let k be t(0). Suppose -3*u = -21 - 39. Let x = k + u. List the prime factors of x.
5
Let c be (-8965)/(-45) - -1 - (-2)/(-9). Let a = c - 104. List the prime factors of a.
2, 3
Suppose 589 = 2*z - 3*p - 621, 3025 = 5*z - 2*p. List the prime factors of z.
5, 11
Let j be 18/(-45)*(6 - 1). What are the prime factors of j/(-10)*1*235?
47
Suppose -c - 3*z = -2*c + 154, -3*z - 571 = -4*c. Let s = 227 - c. Suppose 0 = -4*q + 4*r + s, -5*q - r - r = -117. List the prime factors of q.
23
Suppose b + 3*h = 2*h, -4*h = -b - 20. What are the prime factors of (b/(-10))/(5/775)?
2, 31
Let u(k) = 20*k**2 - 27*k - 425. List the prime factors of u(-13).
2, 3, 19, 29
Let k be -1 - (-2)/3*6. Let i be (-3)/((k/(-4))/1). Suppose a + 0*a + 85 = i*p, 4*p + 2*a = 82. What are the prime factors of p?
3, 7
Let y(q) = 61*q**3 - q**2 - q + 4. Let o be y(2). List the prime factors of 6*6/9 - o/(-2).
13, 19
What are the prime factors of (-4408)/(-6) - (-10)/30?
3, 5, 7
Let j(g) = 8*g + 2*g - 5 - 4*g + 10*g. Let h(o) = 15*o - 4. Let b(f) = -6*h(f) + 5*j(f). List the prime factors of b(-3).
29
Let i(g) = -2*g + 6. Let b be i(2). Suppose -2 = -b*u - 8, 5*h - 406 = -3*u. What are the prime factors of h?
83
Let v(n) = -11*n + 5 - 24*n + 11*n. What are the prime factors of v(-3)?
7, 11
Suppose -3 = 2*x + 3. Let u = -4 - x. List the prime factors of (-747)/(-36) - u/4.
3, 7
Let b be 165/12 + (-3)/(-12). Suppose 15*n = b*n + 156. List the prime factors of n.
2, 3, 13
Let v(u) = u**2 + 6*u + 2. Let o be v(-6). Suppose o*b + 